{"id":308,"date":"2011-10-04T09:30:12","date_gmt":"2011-10-04T09:30:12","guid":{"rendered":"http:\/\/www.recherche-corse.fr\/?page_id=308"},"modified":"2011-10-07T12:31:50","modified_gmt":"2011-10-07T12:31:50","slug":"dtdd","status":"publish","type":"page","link":"https:\/\/www.recherche-corse.fr\/?page_id=308","title":{"rendered":"9 &#8211; LE PROJET DYNAMIQUES DES TERRITOIRES ET D\u00c9VELOPPEMENT DURABLE (DTDD)"},"content":{"rendered":"<blockquote>\n<div class=\"mceTemp\" style=\"text-align: center;\">\n<dl id=\"attachment_488\" class=\"wp-caption alignright\" style=\"width: 280px;\">\n<dt class=\"wp-caption-dt\"><a href=\"http:\/\/www.recherche-corse.fr\/wp-content\/uploads\/2011\/10\/9-DTDD.jpg\"><img loading=\"lazy\" decoding=\"async\" class=\"size-full wp-image-488 \" title=\"9-DTDD\" src=\"http:\/\/www.recherche-corse.fr\/wp-content\/uploads\/2011\/10\/9-DTDD.jpg\" alt=\"\" width=\"270\" height=\"640\" \/><\/a><\/dt>\n<dd class=\"wp-caption-dd\"><a href=\"http:\/\/www.recherche-corse.fr\/wp-content\/uploads\/2011\/10\/9-DTDD.pdf\" target=\"_blank\">T\u00c9L\u00c9CHARGER LE PDF<\/a><\/dd>\n<\/dl>\n<\/div>\n<p><strong>Ce projet de recherche a pour finalit\u00e9 la contribution \u00e0 la d\u00e9finition de politiques territoriales de d\u00e9veloppement durable abord\u00e9es, notamment, sous l\u2019angle sp\u00e9cifique des espaces insulaires.<\/strong><\/p><\/blockquote>\n<p><strong>Ce projet se structure autour de plusieurs axes :<\/strong><\/p>\n<ul>\n<li>le d\u00e9cryptage et la formalisation des dynamiques \u00e9conomiques, technologiques, sociales et environnementales caract\u00e9risant un territoire donn\u00e9.<\/li>\n<\/ul>\n<ul>\n<li>l\u2019analyse des strat\u00e9gies publiques et priv\u00e9es en mati\u00e8re de ressources naturelles et d\u2019environnement.<\/li>\n<\/ul>\n<ul>\n<li>la recherche de formes appropri\u00e9es de gouvernances territoriales.<\/li>\n<\/ul>\n<ul>\n<li>la d\u00e9finition des politiques territoriales de d\u00e9veloppement durable.<\/li>\n<\/ul>\n<p><strong>Deux plateformes collaboratives permettent de travailler en interdisciplinarit\u00e9 entre \u00e9conomistes, juristes, gestionnaires, sociologues, informaticiens et g\u00e9ographes.<\/strong><br \/>\n<strong>L\u2019Action \u201cTourism Sustainability in Insular Context\u201d (TOSIC)<\/strong> porte en particulier sur le tourisme durable en milieu insulaire. Elle permet de conduire quatr<\/p>\n","protected":false},"excerpt":{"rendered":"<p>T\u00c9L\u00c9CHARGER LE PDF Ce projet de recherche a pour finalit\u00e9 la contribution \u00e0 la d\u00e9finition de politiques territoriales de d\u00e9veloppement durable abord\u00e9es, notamment, sous l\u2019angle sp\u00e9cifique des espaces insulaires. Ce projet se structure autour de plusieurs axes : le d\u00e9cryptage et la formalisation des dynamiques \u00e9conomiques, technologiques, sociales et environnementales caract\u00e9risant un territoire donn\u00e9. l\u2019analyse [&hellip;]<\/p>\n","protected":false},"author":1,"featured_media":0,"parent":0,"menu_order":9,"comment_status":"closed","ping_status":"closed","template":"","meta":{"footnotes":""},"class_list":["post-308","page","type-page","status-publish","hentry"],"_links":{"self":[{"href":"https:\/\/www.recherche-corse.fr\/index.php?rest_route=\/wp\/v2\/pages\/308","targetHints":{"allow":["GET"]}}],"collection":[{"href":"https:\/\/www.recherche-corse.fr\/index.php?rest_route=\/wp\/v2\/pages"}],"about":[{"href":"https:\/\/www.recherche-corse.fr\/index.php?rest_route=\/wp\/v2\/types\/page"}],"author":[{"embeddable":true,"href":"https:\/\/www.recherche-corse.fr\/index.php?rest_route=\/wp\/v2\/users\/1"}],"replies":[{"embeddable":true,"href":"https:\/\/www.recherche-corse.fr\/index.php?rest_route=%2Fwp%2Fv2%2Fcomments&post=308"}],"version-history":[{"count":15,"href":"https:\/\/www.recherche-corse.fr\/index.php?rest_route=\/wp\/v2\/pages\/308\/revisions"}],"predecessor-version":[{"id":997,"href":"https:\/\/www.recherche-corse.fr\/index.php?rest_route=\/wp\/v2\/pages\/308\/revisions\/997"}],"wp:attachment":[{"href":"https:\/\/www.recherche-corse.fr\/index.php?rest_route=%2Fwp%2Fv2%2Fmedia&parent=308"}],"curies":[{"name":"wp","href":"https:\/\/api.w.org\/{rel}","templated":true}]}}