{"id":43,"date":"2011-09-28T14:57:51","date_gmt":"2011-09-28T14:57:51","guid":{"rendered":"http:\/\/www.recherche-corse.fr\/?page_id=43"},"modified":"2011-10-07T12:19:50","modified_gmt":"2011-10-07T12:19:50","slug":"luniversita-di-corsica","status":"publish","type":"page","link":"https:\/\/www.recherche-corse.fr\/?page_id=43","title":{"rendered":"3 &#8211; UMR CNRS"},"content":{"rendered":"<p>&nbsp;<\/p>\n<blockquote>\n<div class=\"mceTemp\" style=\"text-align: center;\">\n<dl id=\"attachment_483\" class=\"wp-caption alignright\" style=\"width: 280px;\">\n<dt class=\"wp-caption-dt\"><a href=\"http:\/\/www.recherche-corse.fr\/wp-content\/uploads\/2011\/10\/3-UMRCNRS.jpg\"><img loading=\"lazy\" decoding=\"async\" class=\"size-full wp-image-483 \" title=\"3-UMRCNRS\" src=\"http:\/\/www.recherche-corse.fr\/wp-content\/uploads\/2011\/10\/3-UMRCNRS.jpg\" alt=\"\" width=\"270\" height=\"640\" \/><\/a><\/dt>\n<dd class=\"wp-caption-dd\"><a href=\"http:\/\/www.recherche-corse.fr\/wp-content\/uploads\/2011\/10\/3-UMRCNRS.pdf\" target=\"_blank\">T\u00c9L\u00c9CHARGER LE PDF<\/a><\/dd>\n<\/dl>\n<\/div>\n<p>Depuis sa r\u00e9ouverture en 1981, l\u2019Universit\u00e9 de Corse a progressivement d\u00e9velopp\u00e9, sur ses sites de Cort\u00e9 et d\u2019Ajaccio, une recherche scientifique structur\u00e9e dans deux <strong>Unit\u00e9s Mixtes de Recherche (UMR)<\/strong> labellis\u00e9es par le <strong>Centre National de Recherche Scientifique (CNRS)<\/strong>. Elle s\u2019articule autour de <strong>7 <\/strong><strong>projets structurants pluridisciplinaires<\/strong> dont des applications sont en relation avec le contexte r\u00e9gional.<\/p><\/blockquote>\n<h4>L&rsquo;UMR CNRS 6134<\/h4>\n<p><strong>\u00ab Sciences Pour l\u2019Environnement \u00bb (SPE)<\/strong><\/p>\n<p>comprend plus de 80 chercheurs, ing\u00e9nieurs et techniciens en sciences physiques, biologiques, chimie, biochimie, \u00e9nerg\u00e9tique informatique&#8230;. qui s\u2019impliquent dans 5 projets structurants :<\/p>\n<ul>\n<li><strong>Syst\u00e8mes \u00e0 sources renouvelables d\u2019\u00e9nergie (ENR).<\/strong><\/li>\n<\/ul>\n<ul>\n<li><strong>Mod\u00e9lisation et exp\u00e9rimentation des feux de for\u00eat (Feux).<\/strong><\/li>\n<\/ul>\n<ul>\n<li><strong>Ressources naturelles (RN).<\/strong><\/li>\n<\/ul>\n<ul>\n<li><strong>Gestion et la valorisation des eaux en M\u00e9diterran\u00e9e (GEM).<\/strong><\/li>\n<\/ul>\n<ul>\n<li><strong>Technologies de l\u2019Information et de la communication (TIC).<\/strong><\/li>\n<\/ul>\n<h4>L\u2019UMR CNRS 6240<\/h4>\n<p><strong>\u00ab Lieux, Identit\u00e9s, eSpaces, Activit\u00e9s \u00bb (LISA)<\/strong><\/p>\n<p>associe 61 permanents, chercheurs, ing\u00e9nieurs et techniciens dans le domaine des sciences humaines et sociales. Elle d\u00e9veloppe deux projets structurants.<\/p>\n<ul>\n<li><strong>Dynamiques des territoires et d\u00e9veloppement durable (DTDD).<\/strong><\/li>\n<\/ul>\n<ul>\n<li><strong>Identit\u00e9s et cultures : les processus de patrimonialisation (ICPP).<\/strong><\/li>\n<\/ul>\n<h4>LA F\u00c9D\u00c9RATION DE RECHERCHE CNRS 3041<\/h4>\n<p><strong>\u00ab Environnement et Soci\u00e9t\u00e9 \u00bb (FRES)<\/strong> est charg\u00e9e du d\u00e9veloppement de projets pluridisciplinaires associant des chercheurs des deux UMR et d\u2019autres organismes de recherche partenaire comme l\u2019Institut National de Recherche Agronomique (INRA) et l\u2019Institut National de la Sant\u00e9 et de la Recherche M\u00e9dicale (INSERM).<\/p>\n<h4>LES UNIT\u00c9S MIXTES DE SERVICE (UMS)<\/h4>\n<ul>\n<li><strong>l\u2019UMS de Carg\u00e8se 820<\/strong> accueille tout au long de l\u2019ann\u00e9e des rencontres scientifiques de tr\u00e8s haut niveau et dans toutes les disciplines.<\/li>\n<\/ul>\n<ul>\n<li><strong>l\u2019UMS Stella Mare 3460<\/strong>, p\u00f4le de recherche et de transfert de technologie en aquaculture, vise \u00e0 mettre en place les moyens et m\u00e9thodes n\u00e9cessaires \u00e0 la ma\u00eetrise et \u00e0 la gestion durable des ressources littorales et halieutiques de Corse.<\/li>\n<\/ul>\n","protected":false},"excerpt":{"rendered":"<p>&nbsp; T\u00c9L\u00c9CHARGER LE PDF Depuis sa r\u00e9ouverture en 1981, l\u2019Universit\u00e9 de Corse a progressivement d\u00e9velopp\u00e9, sur ses sites de Cort\u00e9 et d\u2019Ajaccio, une recherche scientifique structur\u00e9e dans deux Unit\u00e9s Mixtes de Recherche (UMR) labellis\u00e9es par le Centre National de Recherche Scientifique (CNRS). Elle s\u2019articule autour de 7 projets structurants pluridisciplinaires dont des applications sont en [&hellip;]<\/p>\n","protected":false},"author":1,"featured_media":0,"parent":0,"menu_order":3,"comment_status":"closed","ping_status":"closed","template":"","meta":{"footnotes":""},"class_list":["post-43","page","type-page","status-publish","hentry"],"_links":{"self":[{"href":"https:\/\/www.recherche-corse.fr\/index.php?rest_route=\/wp\/v2\/pages\/43","targetHints":{"allow":["GET"]}}],"collection":[{"href":"https:\/\/www.recherche-corse.fr\/index.php?rest_route=\/wp\/v2\/pages"}],"about":[{"href":"https:\/\/www.recherche-corse.fr\/index.php?rest_route=\/wp\/v2\/types\/page"}],"author":[{"embeddable":true,"href":"https:\/\/www.recherche-corse.fr\/index.php?rest_route=\/wp\/v2\/users\/1"}],"replies":[{"embeddable":true,"href":"https:\/\/www.recherche-corse.fr\/index.php?rest_route=%2Fwp%2Fv2%2Fcomments&post=43"}],"version-history":[{"count":47,"href":"https:\/\/www.recherche-corse.fr\/index.php?rest_route=\/wp\/v2\/pages\/43\/revisions"}],"predecessor-version":[{"id":991,"href":"https:\/\/www.recherche-corse.fr\/index.php?rest_route=\/wp\/v2\/pages\/43\/revisions\/991"}],"wp:attachment":[{"href":"https:\/\/www.recherche-corse.fr\/index.php?rest_route=%2Fwp%2Fv2%2Fmedia&parent=43"}],"curies":[{"name":"wp","href":"https:\/\/api.w.org\/{rel}","templated":true}]}}